(6 - (6 - x)). Let p(f) = -5*f**3 - 3*f**2 - 7. Is p(m) composite?
True
Let j = 28118 - 19675. Is j composite?
False
Suppose -13 = 2*a + x, -2*a + 2 = -3*a + x. Is 30*5 - (-4 - a) a composite number?
False
Suppose 6*y = 4*u + y - 80059, 5*u + 3*y = 100046. Is u a composite number?
False
Suppose 2766 = -6*z + 10536. Suppose 5*m - r = -3*r + z, -267 = -m - 2*r. Is m prime?
True
Is (0 - -14)/((-1)/((-82352)/32)) prime?
False
Let b(d) = 14*d**2 - 3. Let y be 2/(-2)*(0 - 5) - 0. Is b(y) a prime number?
True
Let q = 474 + -263. Is q a composite number?
False
Let a = -17 + 10. Let t(g) = 5*g**2 + 8*g + 2. Is t(a) a prime number?
True
Let m = 242 - 391. Let k = 14 + -544. Let v = m - k. Is v a composite number?
True
Let j be 5/2*(0 - -2). Suppose 17 = 3*z + 2*p, z + 2*p - j*p + 9 = 0. Suppose -z*d + 435 = -3*k, d + 3*k - 2*k = 153. Is d a prime number?
True
Suppose -5*l + 8 = -i, 3 + 0 = -3*l - 2*i. Is ((-2101)/l + 2)*(-3 - -2) a prime number?
True
Let d = 1390 - -297. Is d composite?
True
Let v = 68 - 38. Suppose 2421 = -3*z - v. Let j = -566 - z. Is j a prime number?
True
Suppose -2*q - 2*x - 10 = 0, -q - 20 - 5 = 5*x. Is 178/(q - 0 - -2) a prime number?
True
Let z = -612 - -1199. Is z composite?
False
Suppose -y + 2*y - 2 = 0. Is 1/y + 16713/18 composite?
False
Suppose 7*a = 4222 + 461. Is a a composite number?
True
Suppose p = -3*p - 56. Let v be p/(-8) - 7/(-28). Suppose -3*u + 5*g + 20 = 0, 8*g + 10 = v*u + 3*g. Is u a prime number?
False
Suppose 68*c = 57*c + 613371. Is c a prime number?
False
Let k(u) = 13*u + 6. Let v be k(3). Let s = v + -207. Let g = -95 - s. Is g a composite number?
False
Let m = -2239 + 12638. Is m prime?
True
Suppose -p = 4*i - 6*i - 5913, -3*p + i = -17734. Is p a prime number?
False
Let h = 215 + -780. Let q = h - -1326. Suppose -5*c = 4*d - q, -2*c + d + 194 + 100 = 0. Is c composite?
False
Suppose -2 = -3*r + 4*r. Let m be 48/20 - r/(-5). Suppose 19 = m*p - 9. Is p a composite number?
True
Suppose 532*f + 670278 = 546*f. Is f a prime number?
False
Suppose -6*u + 149673 = 4*m - m, -2*m = -u + 24933. Is u composite?
False
Let t(j) = 9*j**2 + 35*j + 79. Is t(21) a prime number?
True
Suppose 835*g - 831*g = 62108. Is g prime?
True
Suppose 2321 = 7*y - 1214. Is y composite?
True
Let c = 18 + -14. Is 409/(2 - (5 - c)) prime?
True
Let g(o) be the third derivative of -1/6*o**3 + 7/60*o**5 - 5*o**2 + 5/24*o**4 + 0*o + 0. Is g(-7) composite?
False
Let f = 45 - 44. Is (f/((-4)/(-596)))/1 composite?
False
Suppose 14 = 5*p - p - 2*z, -2*z = -2. Suppose -p*b + w + 3381 = b, -4*b + 2696 = -3*w. Is b prime?
True
Let x = 68 - 47. Let n be 4/(-14) - (-1245)/x. Suppose k - 139 = 3*g, -2*k + 191 + n = g. Is k prime?
True
Suppose -u + a + a = -365, 0 = 5*u + a - 1803. Suppose l = -4*j + u, -4 - 1 = j. Let y = l + -260. Is y a prime number?
False
Let q = 16 - 7. Let v(d) = 854*d - 794*d - 3 - 2. Is v(q) composite?
True
Let i be ((-8)/(-12))/(2/(-12)). Let q = i - -157. Let f = q - 40. Is f a prime number?
True
Suppose -1606 = -2*o + 2*c + 2094, 2*o - 3691 = -c. Is o a composite number?
False
Suppose -8903 = -34*o + 5*o. Is o prime?
True
Is (-1)/(10/2180260*-2) prime?
True
Suppose -2*v - 14 + 2 = 0. Let c be (2/v)/((-1)/3981). Suppose -3*f = 2*j - 643, 5*f - c = -4*j - 252. Is f a prime number?
True
Suppose 5*c - 2*c - 4*w = 2460, -3*w - 1640 = -2*c. Suppose -4579 = -3*l - c. Is l prime?
False
Let b(a) = a**2 - 6*a + 7. Let l = -18 + 25. Let j be b(l). Let y(f) = 28*f - 11. Is y(j) prime?
False
Suppose 0 = -2821*n + 2812*n + 149427. Is n composite?
False
Let d be 3/(12/2072) - 1/1. Let g = -136 + d. Is g a composite number?
True
Suppose -4*z = -9*z + 20. Is z/(-5) + (-1799)/(-5) a composite number?
False
Let y(k) = 62*k**2 - 63*k - 24. Is y(-17) a prime number?
False
Let p(q) = 12*q - 7. Let k = -14 + 8. Let x be p(k). Is x*1*(-2 + 1) a composite number?
False
Is ((-8)/(-4))/((-16)/(-584968)) + 0 a prime number?
True
Let d = 908 - 387. Is d prime?
True
Suppose 4*u = 5*c - 28378, 0*u + 22700 = 4*c - 2*u. Is c composite?
True
Suppose -m - m - 5*p - 3 = 0, -4*m = 3*p - 15. Suppose -7*o + 4*o = m, 5*f = 3*o + 36. Let t(c) = 23*c + 11. Is t(f) prime?
True
Let m = 1983 - 992. Is m a prime number?
True
Let q be 4/(-6)*(-18)/(-4). Let a(b) = -117*b + 3. Let n be a(q). Is (n/8)/((-6)/(-16)) prime?
False
Let p be (7 + -1)*(-123)/6. Is (p/(-6))/((-2)/(-68)) prime?
False
Suppose 63 - 15 = -4*r. Let k be 6*(85/(-40) - -2)*-4. Is r/(-8)*1282/k prime?
True
Let b be (0 - -3) + 2*(-2)/(-2). Suppose -h + 199 - b = 0. Is h a prime number?
False
Is 5/((-13)/(548769/211062) + 5) composite?
True
Let o be 18 - 22 - (36 + -1). Let l = o - -41. Suppose l - 115 = -z. Is z a prime number?
True
Let k be -6*3/(-2) + 2. Let o(s) = -s + 13. Let i be o(k). Suppose -i*m = 2*f + m - 766, -f + 3*m + 401 = 0. Is f a prime number?
True
Let m(w) = -w**3 + w - 1. Let c(g) = -79*g**2 - 3*g + 2 + 71*g**2 - 5*g**3 - 5. Let b(s) = -c(s) + 6*m(s). Is b(7) prime?
True
Let u be 4/(16/20) + 0. Suppose -9740 = -u*m + 6*z - z, -4*m + 2*z + 7794 = 0. Is m a composite number?
False
Let s(k) = -2*k**3 + k**2 - 7*k - 7. Let y be s(-4). Let q(c) = 57*c. Let g be q(-2). Let a = y + g. Is a a composite number?
True
Let d(h) = -17*h**2 - 20*h + 23. Let c(l) = 8*l**2 + 10*l - 11. Let f(x) = 7*c(x) + 3*d(x). Is f(-9) prime?
True
Suppose -4*y + 5 = -m, 5*y - 6 = 4. Suppose -141 = -m*s + 456. Is s a prime number?
True
Let w(b) = -823*b + 382. Is w(-43) a composite number?
False
Suppose 0 = -5*i - 12 - 8, 3*x - 5*i - 32 = 0. Let a(b) be the first derivative of -b**4/4 + 4*b**3/3 + 2*b**2 - 6*b + 9. Is a(x) a prime number?
False
Suppose 0 = 8*v - 250 - 166. Suppose -39 - v = -t. Is t composite?
True
Let y(a) = 2*a**2 + a**3 + 0*a**2 + 4*a**2 + 2. Let n be y(-6). Suppose -2*g + 4*p = -242, n*g - 218 = p + 33. Is g a composite number?
False
Suppose -5661 = -0*q - q. Suppose -20*y = -q - 1919. Is y a prime number?
True
Suppose 0 = 15*d + 6*d. Let x(o) = -o + 673. Is x(d) a composite number?
False
Let d be (-103)/309 - 3/(9/(-10)). Suppose 0 = -u, -2*y - 5583 = d*u - 16177. Is y prime?
True
Suppose -4*j + 244871 = 37*r - 32*r, -4*r - 4 = 0. Is j a composite number?
True
Let d(c) = c**2 + 18*c + 3. Let p be d(-18). Suppose 0 = j + p*j - 16. Is (j/(-6))/(12/(-5274)) a composite number?
False
Suppose 10*n - 41896 = 9894. Is n a composite number?
False
Suppose 6*a = 17 - 5. Let j(f) = -3*f - 1. Let n be j(a). Is (-2)/n - (-20709)/63 composite?
True
Is 3339195/120 + 33/88 prime?
True
Let s = -261 - -665. Suppose -56 + s = 4*z. Is z prime?
False
Is ((-68)/(-170) + 71813/5)*1 prime?
False
Suppose -18*y + 16*y + 564 = 0. Let q = y + 2425. Is q prime?
True
Suppose 42*g + 17*g = 153931. Is g composite?
False
Let g = 24 + -17. Suppose 2 = -2*i + g*s - 3*s, i - 19 = -3*s. Let x(d) = -d**2 + 12*d - 4. Is x(i) prime?
True
Let n(m) = -m**3 - 2*m**2 - 5*m - 5. Let z be n(-2). Suppose y - 5*x + x = 247, -3*y = z*x - 707. Is y composite?
False
Let z = 30463 + -11958. Is z composite?
True
Let x = 3 + -2. Suppose n - x = 89. Suppose n = -w + 229. Is w a composite number?
False
Let n = -13 - -714. Is n a composite number?
False
Let h = 59 - 54. Suppose 0 = -z - i - i + 169, z = -h*i + 178. Is z a prime number?
True
Suppose -718508 = -27*v - v. Is v composite?
True
Suppose -685 = -7*h + 2430. Is h a prime number?
False
Is -82833*(1 - 2)*4/12 a prime number?
True
Let f = 589 - -802. Suppose -5*p + 2*i + f + 4204 = 0, 0 = p - 5*i - 1119. Is p a prime number?
False
Suppose 309 + 607 = -4*y. Let x = y - -860. Is x prime?
True
Let r be ((-18)/4)/(3/4). Let n be (-266)/r + 12/18. Let y = 42 + n. Is y composite?
True
Suppose 4*b + 2*b = 0. Suppose 5*y + 3*y - 9624 = b. Is y a composite number?
True
Let h(k) = -2*k - 4. Let n be h(-3). Suppose 2*r + 4 = -n*r. Is ((-5)/10)/(r/38) a composite number?
False
Suppose 4*a = 10*i - 12*i + 2526, 4*i + 2*a = 5022. Is i a prime number?
False
Suppose -2*t + 37852 = 2*v, 0*t + 94612 = 5*v - t. Is v a composite number?
True
Let n = 34666 - 19780. Suppose n = 7*d - 7507. Is d a prime number?
False
Suppose -26*j + 588816 = 106412. Is j prime?
False
Let n(i) = -i - 1. Let h(v) = 3*v + 6. Let b(c) = -h(c) - 2*n(c). Let s be b(3). Let x(w) = -16*w + 3. Is x(s) composite?
True
Let k(p) = 10*p + 111